ose h = 2*x - 0 - 8. List the prime factors of x.
2
Let v(q) be the second derivative of q**3/6 - q**2 + 3*q. Let y be v(3). Let n = 1 + y. List the prime factors of n.
2
Let q(c) = -c**3 - 5*c**2 - c - 2. Let h = 13 - 18. List the prime factors of q(h).
3
Let q be (-6)/(-27) + (-40)/18. Let k = q - -5. Suppose k*u + 3*g = 5*u - 14, 5*u - 5*g - 30 = 0. What are the prime factors of u?
2
Suppose -808 = -3*p + 2*f, -798 = -5*p - 2*f + 554. List the prime factors of p.
2, 3, 5
Let c(v) = -11*v**2 + 0 + 12*v**2 - 7*v + 8 + 1. Let o be -6*(3 - 2)*-1. What are the prime factors of c(o)?
3
Let a = -12 + 72. What are the prime factors of a?
2, 3, 5
Suppose 19*h = 15*h + 140. What are the prime factors of h?
5, 7
Suppose -183*t + 184*t = 20. List the prime factors of t.
2, 5
Suppose -4*k - 2*r - 1 + 13 = 0, 0 = -3*k + r + 9. List the prime factors of (-1)/3 - (-7)/k.
2
Let k(v) = -2*v**2 - 17*v - 21. Let x be k(-7). Let m = 2 - 1. Suppose x = 2*j + 5*f - 3 + 2, -f = m. List the prime factors of j.
3
Let g = -1 + 4. Suppose 0 = g*t + 36 - 120. What are the prime factors of t?
2, 7
Let b(f) = f + 4. Let w be b(-2). Suppose 36 = w*v - k - 3*k, 0 = 4*v - k - 72. What are the prime factors of v?
2, 3
Suppose 0 = 2*r - z - 11, 0 = -0*z + 5*z + 15. Suppose -r*y = -6*y + 14. What are the prime factors of y?
7
Suppose -4*u + 4 = 24. Let p(q) = -q**3 - 7*q**2 + 2*q - 4. Let o(c) = 2*c**3 + 15*c**2 - 4*c + 8. Let g(f) = u*p(f) - 2*o(f). List the prime factors of g(-5).
2, 7
Suppose 5*t = 4*u - 35, -3*u + t + 3*t = -26. List the prime factors of u.
2, 5
Suppose -17 + 2 = 3*t. Let c(k) = 2*k - 5. Let l be c(t). Let y = l + 21. What are the prime factors of y?
2, 3
Suppose 11*a - 6*a + 4*n = -1, -a + 7 = -n. Let w = a - -1. Suppose -w = -4*x + 24. What are the prime factors of x?
7
Suppose x = -x - 40. Let v = -4 - x. Let h = -10 + v. What are the prime factors of h?
2, 3
Suppose 2*v - v + 9 = 0. Let w be -1 + v + 2/(-2). Let r = 0 - w. List the prime factors of r.
11
Let x = 2 - 3. Let j = 20 + x. List the prime factors of j.
19
Suppose -5*f - 2*m + 126 = 0, 2*f + f + 4*m - 70 = 0. Suppose 0 = 3*i - 95 + f. What are the prime factors of i?
23
Suppose -5*z + 119 = -66. What are the prime factors of z?
37
Let r = 4 + -1. Let x(k) = 0*k**2 + r*k + 7*k**2 - 4*k - 3*k**2. What are the prime factors of x(2)?
2, 7
Suppose 7*g = 32 + 150. List the prime factors of g.
2, 13
Let k(j) = 3*j**2 - j - 8. What are the prime factors of k(-4)?
2, 11
Let c be ((-135)/10)/((-6)/8). Let k = -4 + c. Let y = -3 + k. What are the prime factors of y?
11
Let g be (-2)/(-2*1/15). Let f be (-9)/(0 + 1 + 0). List the prime factors of g*((-12)/f)/2.
2, 5
Let q(f) = f**2 - f + 63. List the prime factors of q(0).
3, 7
Suppose -4*x = -2*x - 16. List the prime factors of 0 + 1 - (-1 - x).
2, 5
Let s(o) = -o**2 + 8*o + 4. Let t = -11 - -18. Let x be s(t). What are the prime factors of (1 - (-2 + 2))*x?
11
Let f(h) = -2*h - 8. Let q be f(-6). Suppose 2*y - 2*x + q*x = -2, 4*x = -16. What are the prime factors of y?
3
Let l = 9 + -4. Let d = 15 - l. What are the prime factors of d?
2, 5
Let u = -7 + 5. Let j be 1 + 9 + u + 2. Suppose -4*b - j = 10, 5*h = 4*b + 50. What are the prime factors of h?
2, 3
Let d(g) = g**2 - 8. Let m be d(0). Let a = m - -16. List the prime factors of a.
2
Let v be (-3)/(-7) - (-495)/21. What are the prime factors of 21/3*v/14?
2, 3
Let j(y) = -y**2 - 3*y + 2. Let i be j(-4). Let u be (-10)/3*(10 - i). Let v = -26 - u. List the prime factors of v.
2, 7
Suppose 1276 = 4*n + 4*z, n - 315 = 3*z - 5*z. List the prime factors of n.
17, 19
Let u be (-3)/6 + 39/(-2). List the prime factors of 12/u + (-96)/(-10).
3
Let d(t) = -t - 16. Let w be d(-8). Let r = -13 - w. Let y(p) = -p**2 - 4*p + 7. List the prime factors of y(r).
2
Let y(a) = 2*a**2 + a - 2. Let f(t) = t**3 - 5*t**2 + 4*t - 3. Let r be f(4). What are the prime factors of y(r)?
13
Suppose -4*m = -5*n - 46, -5*m - 3*n + 40 = 1. What are the prime factors of m?
3
Let p = -187 + 373. List the prime factors of p.
2, 3, 31
Let h(b) = -b**2 - 3*b - 5. Let d be h(-4). List the prime factors of (-3 - d/2)*6.
3
Suppose -11*h + 15*h = 788. What are the prime factors of h?
197
Let g = 20 + 15. What are the prime factors of g?
5, 7
Let u = -6 - -9. Suppose -4*o - 191 = -5*w, -5*o - 112 = -0*w - u*w. List the prime factors of w.
3, 13
Let h(k) = -3*k - 3. Let i be h(-3). Suppose 0 = -g + i*g + 20. What are the prime factors of (-276)/(-27) - g/(-18)?
2, 5
What are the prime factors of (-1374)/(-18) + (-2)/(-3)?
7, 11
Let w(i) = 0*i + 4 - 14 + i**2 + 4*i. Let g = 3 + -10. What are the prime factors of w(g)?
11
Let c be 1 + 0 + 11*-1. Let i be 1 - 5/(c/78). Suppose 0 = -9*t + 4*t + i. What are the prime factors of t?
2
Suppose -4 = -2*v + 18. Suppose -4*d + d + 1 = -4*f, 0 = -f + 3*d + v. List the prime factors of f/10 - (-328)/20.
2
Suppose 0 = f - 3*v + 5 - 1, 2*f - 2*v - 4 = 0. Suppose -f*k - 64 = -7*k. What are the prime factors of k?
2
Suppose 3 = -4*t + 11. What are the prime factors of t?
2
Suppose 8*z - 5*z = 75. List the prime factors of z.
5
Let t(j) be the first derivative of -j**4/24 - j**3/6 - j**2 + 1. Let i(b) be the second derivative of t(b). What are the prime factors of i(-5)?
2
Suppose -90 = -2*a - 0*p - 4*p, p + 110 = 2*a. List the prime factors of a.
53
Let c(v) = v**3 + 2*v**2 - 4*v - 1. Let m be c(-3). Suppose n - 9 = -m. Suppose y - 17 = -4*a, -5*y = -4*a - 4*y + n. List the prime factors of a.
3
Suppose -4*g + 3*k = -2*g - 14, 0 = -3*g - 2*k - 5. Let v be (0 - -1) + g + 1. Suppose 1 = 2*s + 4*f - 17, 4*s - 31 = -v*f. What are the prime factors of s?
7
Suppose d - 70 = 3*k - k, 4*k = -4. What are the prime factors of d?
2, 17
Suppose -35*f + 34*f + 229 = 0. What are the prime factors of f?
229
Let y = -34 + 88. What are the prime factors of y?
2, 3
Let n(u) = 3*u**2 - 16*u + 1. What are the prime factors of n(9)?
2, 5
Let v(r) = 3*r**2 - 3*r + 2. Let l be v(2). Suppose 4*y = 2*i - 5*i + l, -6 = -2*i - 2*y. List the prime factors of i.
2
Suppose 13*t = 24*t - 2827. What are the prime factors of t?
257
Let y(v) = -5*v - 30. Let d(u) = -u - 6. Let m(z) = -11*d(z) + 2*y(z). Let r be m(-3). Let s = r - -4. List the prime factors of s.
7
Let h(k) = k**2 - 6*k - 10. Let m be h(8). Suppose r - m*r = 0. Suppose 2 = -r*i + i. List the prime factors of i.
2
Suppose o - 5 = -2. Suppose o*w - 14 = 103. List the prime factors of w.
3, 13
Suppose -q - 1 + 3 = 0. Suppose f - l - 64 = -0*l, 3*f = -3*l + 204. Suppose i = -q*i + f. List the prime factors of i.
2, 11
Let p = 60 + -30. What are the prime factors of 11/5 + (-6)/p?
2
Let m be 16/(-24) + 7/(-3). Let d(l) be the third derivative of l**5/60 + l**4/24 + l**3/6 + l**2. What are the prime factors of d(m)?
7
Suppose -d + 0*d = 0. Let u = 5 + d. What are the prime factors of u?
5
Let k be 3*1/((-9)/(-6)). Suppose k = h - 10. List the prime factors of h.
2, 3
Let y(x) = -x**2 + 11*x + 16. Let v be y(11). Suppose 0 = -a + 4*u + 10 + v, 2 = -u. What are the prime factors of a?
2, 3
Let r(o) = -o + 23. Suppose 0 = -3*g - 4*s + 61, -s + 5*s - 16 = 0. What are the prime factors of r(g)?
2
Suppose 3*i + 22 = w, 0*i + 2*w - 8 = 2*i. Let c(o) be the third derivative of -o**5/60 - 11*o**4/24 + o**3/6 - o**2. What are the prime factors of c(i)?
19
Suppose -5*b - 4*t + 278 + 11 = 0, 4*t - 175 = -3*b. Let h be (-9)/(-15) - b/(-5). What are the prime factors of (-32)/h*-1*6?
2
Suppose 0 = -q + 6*q - 560. What are the prime factors of q?
2, 7
Suppose 13 - 4 = 3*t. Suppose -t*v - 47 + 131 = 0. What are the prime factors of v?
2, 7
Let k = -57 - -112. Suppose -3*g = 2*g - k. What are the prime factors of g?
11
Suppose 177 - 50 = a. What are the prime factors of a?
127
Let t(j) = j**3 + 7*j**2 - 5*j - 3. What are the prime factors of t(-7)?
2
Let k = 48 - 38. List the prime factors of k.
2, 5
Suppose 2*s - 17*s + 885 = 0. List the prime factors of s.
59
Suppose 4*r - 3*s - 2*s - 4 = 0, 0 = r + 3*s - 1. List the prime factors of (-2 - (r + 0))*-5.
3, 5
Suppose 4*m - 118 = 266. Suppose -2*d + m = 2*d. Suppose -3*y = -y - d. List the prime factors of y.
2, 3
Let w = -6 + 149. List the prime factors of (w/(-52))/(2/(-8)).
11
Let r(b) = b**3 - 9*b**2 + 13*b - 10. What are the prime factors 